+ 76. What is the highest common factor of u and q?
7
Let h = 92 - 82. Suppose -3*v + 5*w = -576, 4 = 2*w + h. Calculate the greatest common divisor of 17 and v.
17
Let b = 40 + 14. Suppose b*t - 24 = 52*t. Let o(v) = -v**3 - 5*v**2 - 7*v + 1. Let k be o(-5). Calculate the greatest common factor of k and t.
12
Suppose -g = 5*z + 14, -14 = -2*g - 0*z + 4*z. Suppose 2*a - 102 = -a. Let n = -25 + a. Calculate the highest common factor of n and g.
1
Suppose 21 + 344 = 5*w. Let o = 74 - w. What is the highest common factor of o and 9?
1
Let a = 406 + -404. Let i(u) = -u**3 - u. Suppose 4*o - 4*p = -0*p - 20, -11 = o - 3*p. Let r be i(o). What is the highest common divisor of r and a?
2
Let k(j) = -24*j + 1. Let h = 6 - 8. Let r be k(h). Let s = -135 - -142. What is the highest common divisor of r and s?
7
Suppose -5 = -h + 6*h. Let y(o) = o + 1. Let k(b) = 11*b + 5. Let u(a) = h*k(a) + 3*y(a). Let m be u(-4). What is the highest common divisor of 10 and m?
10
Let l(k) = k**2 - 3*k - 6. Let b be l(7). Suppose 4*f = 879 + 89. Calculate the highest common factor of f and b.
22
Let p be (-6)/(1/(2/3)). Suppose -4*z = 4*m + 4200, 3*m = -9*z + 4*z - 5246. Let g be z/(-44) + p/(-22). Calculate the greatest common divisor of g and 264.
24
Suppose 0 = -4*j - 12, 2*s = -s + 2*j + 303. Let n = s - 64. What is the highest common factor of 5 and n?
5
Let n = 154 - 88. Let s(m) = -m + 4. Let h be s(-5). Let i = h + -3. Calculate the greatest common divisor of i and n.
6
Let j be (606/7 - -2) + 60/(-105). What is the highest common factor of 56 and j?
8
Suppose 8*x - 5*x = 15. Suppose -51 = -x*s + 19. Suppose 5*v + 4*m + 0 = -1, -2*v - s = 5*m. What is the highest common divisor of 6 and v?
3
Let r(h) = h**2 + 6*h - 7. Let c be r(-6). Let s = c - -9. Let f be (-2)/(s + (-32)/14). What is the greatest common factor of 1 and f?
1
Suppose -12*o = -19804 - 23000. What is the highest common factor of o and 87?
87
Let w be ((-520)/15)/((-2)/3). Calculate the highest common factor of 247 and w.
13
Let b = -399 + 405. Calculate the highest common divisor of b and 150.
6
Suppose 0 = -0*j + 4*j. Suppose -z + 4*z + 39 = j. Let k = 14 + z. Calculate the highest common factor of k and 9.
1
Let a be (3/(-63)*-7)/(1/171). What is the greatest common divisor of 76 and a?
19
Suppose -19 = -3*s + r, 5*r - r - 8 = -2*s. Calculate the highest common factor of s and 123.
3
Let f(v) = 4*v + 6. Let b be f(-5). Let u = -19 - b. Let l be (26/u)/((-9)/45). What is the greatest common factor of 286 and l?
26
Suppose 6*b = 9*b - 3*n - 69, 89 = 4*b - n. Calculate the highest common factor of b and 286.
22
Let u(a) = a**2 - 1 - 2 - 4 - 6*a. Suppose 8*v - 20 = 12*v. Let r be u(v). Calculate the greatest common divisor of r and 12.
12
Let l = -1 - -12. Let i(x) = x**3 - 12*x**2 + 14*x - 25. Let t be i(l). What is the greatest common factor of t and 24?
8
Let m(b) = b + 40. Let f be m(28). Calculate the highest common factor of f and 85.
17
Suppose 5*i = -0*i + 5. Suppose f - i + 5 = 0. Let h = 9 + f. Calculate the greatest common factor of 35 and h.
5
Suppose 0 = -2*b + 7 - 1. Let f = -18 - -18. Suppose f = u - 0*u - 33. What is the greatest common factor of u and b?
3
Suppose r + 19 - 26 = 0. Let c = -111 + 181. What is the highest common factor of r and c?
7
Let v be (-5)/((-20)/318)*(0 + 2). What is the greatest common factor of 106 and v?
53
Suppose -4*j = 40 - 124. Let b(g) = 2*g + 11*g - 10 - 3*g - 2*g. Let u be b(3). What is the greatest common divisor of j and u?
7
Suppose -4*t = -3*t - 5. Let n be 5/((-22)/(-10) + (-4)/2). Calculate the greatest common divisor of n and t.
5
Let b(g) = 2*g**2 + 57*g + 54. Let u be b(-29). Suppose -85*w + 22 = -u*w. Suppose -99 = -3*v - 0*v. What is the highest common divisor of v and w?
11
Let q = -1152 + 1176. What is the greatest common divisor of q and 192?
24
Let q be -1 + 1 + 429 - 4. Suppose -11*g + 16*g = q. Calculate the greatest common divisor of 34 and g.
17
Let g(v) = 20*v**2 - 4. Suppose -14 = -5*p + k, 3*p - k = -p + 11. Let z be g(p). Let f = 75 - 53. What is the highest common factor of z and f?
22
Suppose -140*g - 342 = -146*g. Suppose d = 5*j + 14 - 0, 3*d - 5*j = 52. Calculate the highest common divisor of d and g.
19
Suppose -4*l + l - 4*v + 8 = 0, -l + 4*v = -8. Let t be 1/l - (1281/(-12) + -1). What is the highest common divisor of 12 and t?
12
Let a = 66 - 41. Suppose a - 133 = -4*u. What is the greatest common factor of u and 3?
3
Suppose -5*s + 2*n + 1465 = 0, 3*n = 3*s + 4*n - 890. Calculate the highest common factor of s and 5.
5
Suppose 49 = -3*d + 124. Suppose 6*o - 771 - 279 = 0. Calculate the greatest common divisor of o and d.
25
Suppose 509 = 3*v + l, -2*l = -59*v + 64*v - 850. What is the highest common factor of 392 and v?
56
Suppose -k - 3*k + 8 = 0. Suppose 5*i - k*i - 108 = 0. What is the highest common factor of i and 4?
4
Let a(m) = -m**2 + 6*m + 15. Let t = 36 - 29. Let i be a(t). Calculate the highest common divisor of 8 and i.
8
Let x be ((-15)/(-6))/((-7)/(-56)). Calculate the greatest common divisor of x and 340.
20
Let w(v) = 5*v**2 + 22*v + 38. Let i be w(-3). What is the greatest common factor of 272 and i?
17
Let v(n) = 3*n**2 - 7*n - 10. Let a be v(5). Calculate the greatest common divisor of a and 10.
10
Suppose -5*f = 3*s - 97, 2*s = -2*s - f + 135. Let c = -23 + s. What is the greatest common divisor of c and 44?
11
Let p be (-228)/(-38) + 7 + -3. Calculate the highest common factor of p and 960.
10
Suppose 30 - 80 = -c. Let v = c - 35. Let a be 1566/v - (-4)/(-10). Calculate the highest common factor of a and 13.
13
Let v(c) = -5*c + 35. Let a be v(5). Let j be (4/a)/(2/10). Calculate the greatest common divisor of j and 5.
1
Let p = 410 - 400. Calculate the highest common divisor of p and 530.
10
Let g(o) = 13*o**2 + 2*o - 1. Let i be g(1). Calculate the greatest common factor of 910 and i.
14
Let k be (-90)/(-20)*(-1 - 263/(-3)). Suppose 6*a - a = k. Let j = -44 + 70. What is the greatest common factor of j and a?
26
Let c = -137 - -149. Calculate the greatest common divisor of 24 and c.
12
Let a = 154 + -96. Let h = 107 - a. Calculate the greatest common divisor of h and 21.
7
Suppose -5*c + 2*l - 4*l + 5363 = 0, -2141 = -2*c - 5*l. What is the highest common divisor of 29 and c?
29
Let c(u) = 502*u**2. Let b be c(1). Let f = b + -254. Let n be f/8*9/1. What is the highest common divisor of n and 31?
31
Suppose 4*d + d - 370 = 5*v, 0 = 3*d + 3*v - 234. Suppose -4*s + 168 = 4*o, d + 11 = 2*s + 5*o. What is the greatest common factor of 41 and s?
41
Suppose -6*x + 20 = -34. Let m be 6/x + 474/18. What is the highest common factor of m and 135?
27
Let a(x) = 30*x**2 + 3 - 11*x + 6 - 5 + x**3 - 42*x**2. Let k be a(13). What is the greatest common factor of k and 75?
15
Let x be 76/(-2)*2/(-4). Let n be (-1)/((-996)/(-5130) + (-3)/15). What is the highest common divisor of n and x?
19
Let r(k) = -438*k + 4. Let s be r(-2). What is the greatest common divisor of 80 and s?
80
Let d = -17 + 28. Let w = 11 - d. Suppose -4*k + 20 + 16 = w. Calculate the greatest common factor of 9 and k.
9
Let j(d) = d**3 + 7*d**2 + 6*d + 1. Suppose -4 + 5 = y, 5*f + 23 = -2*y. Let x be j(f). Calculate the highest common divisor of 105 and x.
21
Let r be (-13246)/(-5) + 716/895. What is the highest common factor of r and 100?
50
Let p(r) = 7*r - 137. Let s be p(21). Suppose 5*l - 6 = -46. Let x(h) = -h**3 - 8*h**2 - 8*h + 6. Let u be x(l). What is the highest common factor of u and s?
10
Suppose 0 = 9*p - 693 + 234. Calculate the highest common divisor of 6 and p.
3
Let f(p) = -p**3 - 14*p**2 + 14*p - 9. Let r be f(-15). What is the greatest common factor of 192 and r?
6
Suppose -3*n - 75 = -5*r, 5*n - 75 = -r - 4*r. Let m = -178 + 203. Calculate the highest common factor of m and r.
5
Let f(j) = -1 + 4 - 3*j + 9. Let y be f(-10). Suppose 0 = -11*x + 399 - 91. What is the greatest common factor of x and y?
14
Let p = -10 + 24. Suppose -3 = -3*i, 2*o + 3*i - p = i. What is the greatest common divisor of 6 and o?
6
Let n(m) be the second derivative of -m**4/12 - 5*m**3/2 - 41*m**2/2 + 15*m. Let s be n(-10). Calculate the highest common divisor of 9 and s.
9
Let x be (-4*3 - 2)/((-20)/130). Let s = x + -16. Calculate the g